(1). Give b(i).
9
Suppose -9*h = -4*h - 10. Let b(z) = 2*z**3 + 6*z - z**3 + 6*z**h - 13*z + 6. Calculate b(-7).
6
Let t = 589 - 584. Let z(a) = a**3 - 6*a**2 + 2*a + 9. Give z(t).
-6
Let l(y) = -8*y + 0*y + 7*y**3 - 8*y**3 - 9*y**2 + 9 - 4*y + 2*y**3. Give l(10).
-11
Let t(v) be the second derivative of 0*v**3 + 1/3*v**4 + 0*v**2 + 0*v**5 + 1/80*v**6 - 5*v + 0. Let d(z) be the third derivative of t(z). Give d(1).
9
Suppose -15*f = -13*f - 4. Suppose -3*u + 0*u = z - 2, z = 5*u + f. Let r(x) = -1 + 8*x + x**z + 8 + x. Calculate r(-7).
-7
Suppose 4*m + 3*d + 9 = 5*m, 3*m + 12 = -4*d. Let l(b) = -3*b - 13. Let q(f) = 5*f + 26. Let n(k) = -7*l(k) - 4*q(k). Determine n(m).
-13
Suppose 3*t = 3 + 3. Let r(j) = -4*j + 4*j + t - j. Suppose 5*h + 10 = 0, -k - k - 10 = 5*h. Determine r(k).
2
Let b(f) = 7*f + 0*f**2 - f**2 + 3 + 5. Let r be b(7). Let g(s) = -s**3 + 8*s**2 + 2*s - 10. Determine g(r).
6
Let o(a) = -2*a**2 - 5*a - 2. Suppose 2*r - 59 - 19 = 0. Let y be 100/26 - (-6)/r. Suppose 0 = -4*t - y, 0 = -3*j - 3*t - 9 - 3. Calculate o(j).
-5
Let n(q) = -11. Let k(a) = -a. Let c(d) = -3*k(d) - n(d). What is c(-9)?
-16
Suppose -3*q - 1 + 13 = 0. Let l(x) = 10*x - 5. Let d(c) = 19*c - 9. Let m(n) = q*d(n) - 7*l(n). Let h = -36 + 39. Give m(h).
17
Let d(s) = 45*s - 32*s - 3 - 22*s**2 + 9 + 21*s**2. Determine d(14).
-8
Let s(d) be the third derivative of -1/8*d**4 - 1/2*d**3 + 0*d + 0 + 11*d**2. Give s(-2).
3
Let k(q) = q + 7. Let h(j) = j**3 + 4*j**2 - j - 2. Let c be (-1)/((-9)/12 - -1). Let r be h(c). Suppose -5 = r*s + 3. Determine k(s).
3
Suppose 2*q - 2*v = 0, -4*q = v + 11 - 31. Let w(g) = -g**2 + 11*g - 28. Let d be w(6). Let x(f) = 7 + 9 + 5 - d*f - 16. What is x(q)?
-3
Let q be (3/2)/(-10*14/280). Let n(y) = -y**2 - 4*y - 4. Determine n(q).
-1
Let t(w) = -w**2 - 3. Let n be t(0). Let h be ((-12)/18)/(n/18). Let u(z) = z**3 - h*z**3 + 4*z**3 - 2*z**2 + 1. Determine u(1).
0
Let l be (-10)/(-2) + -24 + -7. Let x be -1 - 4 - l/(-13). Let z(m) = -m**3 - 6*m**2 + 7*m - 8. Calculate z(x).
-8
Let d(f) = -4*f + 1. Let t be (12/(-9))/((-12)/(-9)). Give d(t).
5
Let a(f) = 13*f + 2. Let u be a(-2). Let q be 4/u + 19/6. Suppose 2*j = -j + q. Let y(x) = -12*x**3 - 2*x**2 + x. Give y(j).
-13
Let p(j) = j**3 + 7*j**2 + 4*j - 8. Let k = 10 + -6. Suppose 10 = h - 9. Suppose -h = k*i + 5. What is p(i)?
4
Let x be 24/10 + -2 - 518/70. Let s(m) = 0*m + 37 - 68 - m + 32. Calculate s(x).
8
Let o(y) = -y**2 - y. Let u(i) = 15*i**2 + i. Let g(h) = -2*o(h) - u(h). Let n = 3 + -18. Let c = -14 - n. Determine g(c).
-12
Let h(w) be the third derivative of 0*w**3 + 11/60*w**5 + 0*w - 7*w**2 + 0 + 0*w**4. Let u(i) = -i**3 + 8*i**2 - 7*i - 1. Let f be u(7). Calculate h(f).
11
Let h be (15/3 - 5)/(1/1). Suppose 3*y + w - 5*w = h, -4*w = 4*y. Let z(t) = -t - 3. Determine z(y).
-3
Let o(y) = 11*y**3 - 4*y**2 + 5*y - 12*y**3 - 13 + 10. Calculate o(-5).
-3
Let y(b) = b**2 + 5*b. Let x(f) = -f**2 - 5*f + 6. Let p be x(-5). Let w = -72 + 75. Let z be 4*w/p - 7. What is y(z)?
0
Let w(a) = -a**2 - 17*a - 24. Suppose 151*m - 160*m = 135. Give w(m).
6
Let m(r) = -r**2 - r. Let f be m(0). Suppose 0 = -5*q - f*q. Let t = 6 - q. Let c(b) = b**2 - 7*b. Determine c(t).
-6
Let n(j) = -j + 10. Let k = -26 - -35. Let q be k/6*32/6. Calculate n(q).
2
Let u(f) = -7*f - 26*f + f**2 + 15*f + 2 + 21*f - 7. Calculate u(3).
13
Let s(u) = u**3 + 7*u**2 + 4*u - 1. Let l(x) = -x**2 - 11*x + 23. Let m be l(-11). Suppose -2*d = 31 - m. Give s(d).
31
Let m(u) = -6 - u**2 + 2*u**2 - 8*u + 15. Suppose -2*o + 13 = -c, o + 5*c = 3*o - 17. Determine m(o).
-3
Let w(m) = -6*m + 1. Suppose -l = -4*r - 0*r - 21, 0 = -l + 5*r + 25. Suppose h = -4*h - l. Calculate w(h).
7
Let r = 95 - 86. Let a(h) = -3*h + 2. Give a(r).
-25
Suppose -17*z = 156 - 88. Let a(x) = -2*x - 2*x + 2*x - 2. Determine a(z).
6
Let a(b) = 3*b**3 - 13*b**2 - b - 2*b**3 + 3 + 18*b**2. Let h(d) = 9*d + 1. Let g be h(2). Suppose -v = -3*y + 3*v - g, 3*y = -5*v - 10. Give a(y).
8
Let x(j) = 12 + 2*j - 7 + 10 + 14 - 22. Let u be (1 - 2)*1*5. Give x(u).
-3
Let f(r) = -9*r**3 + 2*r. Let g be f(1). Let k(x) = x - 2. Calculate k(g).
-9
Suppose -8 = 2*c, -2*a + 0*c = -2*c - 2. Let g(p) = 2*p + 5. Let l = 38 + -39. Let j(b) = -b - 1. Let u(o) = l*j(o) - g(o). What is u(a)?
-1
Let f = 7 + -2. Suppose -d - 2*u = -0*d - 9, -f*u + 25 = 5*d. Let l be -6 - ((d - 2) + -1). Let m(i) = i**2 + 6*i + 5. Give m(l).
-3
Let o be 20/(-15) - (-186)/18. Let j(v) = -v + 6. What is j(o)?
-3
Let p(b) = -b + 13. Suppose 0 = -3*j - 3*i - 0*i - 114, -5*j - 183 = -2*i. Let y = 46 + j. Give p(y).
4
Let h(c) be the first derivative of c**3/3 - 5*c**2/2 - 4*c + 3. Let k be h(6). Let q = -2 - k. Let s(y) = -y**2 - 5*y + 2. Give s(q).
6
Let v(h) = h**2 - 4*h - 5. Let z(i) = -i**3 + 4*i**2 - 5*i + 2. Let k be 13/3 - (-8)/12. Let l be z(k). Let o be (2 - l/(-21))*-14. Calculate v(o).
-5
Let z(d) = 3*d**2 - d - 1. Let o be z(-1). Let c(q) = -1172*q + q**3 - 5*q**2 - 1168*q - 1 + 3*q**2 + 2336*q. Determine c(o).
-4
Suppose -29 = 2*f - 5*p, -2 = -f + 4*p - 24. Let b be (4/(-2) - f)*(-7 - -8). Let j(z) = -z**2 - z - 5. What is j(b)?
-5
Let x(l) = 2*l**3 - 6*l**2 + l + 3. Let s(v) = v**3 - 3*v**2 + v + 2. Let q(i) = -11*s(i) + 6*x(i). Give q(5).
21
Let j(p) = -3*p. Let a(v) = v. Let f(s) = -5*a(s) - 2*j(s). Let d be f(5). Let c(x) = 28*x - 84*x + 4*x**2 + 28*x + 23*x + 4 - 3*x**2. Give c(d).
4
Let v = -210 + 211. Let d(h) = -13*h**2 + 2*h - 1. Determine d(v).
-12
Suppose -12*t = -4*a - 8*t + 8, 5*a = 14*t + 37. Let d(j) = -3*j**2 - j - 1. Give d(a).
-3
Let j(h) = h**3 - 12*h**2 + 1. Let i be j(12). Let s(l) = 0 - 2*l**2 + 75*l - 73*l - 1. Determine s(i).
-1
Let w(u) = -3*u - 3. Let y be ((-4)/3)/(2/12). Let a = y + 19. Suppose -2*i - a + 3 = 0. Give w(i).
9
Let z be 1 - -5*2/(-5). Let k = 1 - z. Let d(v) = -3*v + 6*v**2 + 2*v + 0*v**k - 7*v**2 + v**3 - 7. Give d(0).
-7
Let p(q) = -3 + q + 0 - 30. Let h be p(26). Let r(y) = -y**3 - 8*y**2 - 6*y - 1. Give r(h).
-8
Let v be (-6)/(-4) - 85/10. Let c be v/((-3)/(-3)*-1). Let k(d) = 1 - 3*d + d + c*d - 4*d. Give k(4).
5
Suppose 2*p - p - 3*y + 8 = 0, 4*p + y - 7 = 0. Let c(g) = -g + 1. Let i(u) = 12*u - 3. Let z(f) = p*i(f) + 9*c(f). Suppose 0 = 3*r + 1 + 14. Calculate z(r).
-9
Let s(w) = 235 - 2*w - 224 + 6*w. Give s(-8).
-21
Suppose -10*n + 117 = -19*n. Let l(v) = v + 10. What is l(n)?
-3
Let l(j) = j**2 + j - 3. Let a(w) = w**2 - 21*w + 68. Let t be a(17). Determine l(t).
-3
Let b(z) = z**2 + z + 1 + 1 + z**2 - 3*z**2. Suppose 77*u = 73*u + 8. Calculate b(u).
0
Let k(h) = -h**2 + 6*h + 1. Suppose 4*y = -w - 37 + 14, y = -4*w - 17. Let m be 2/(-2) - 20/y. Calculate k(m).
10
Let l(c) = 15 - 6*c - 15 + 5*c + 2*c**2. Let r(i) = i**2 + 5*i + 7. Let n be r(-5). Suppose -2*x - 6 = -4*x, -2*k + 3*x = n. Determine l(k).
1
Let m(t) be the second derivative of -t**3/6 + 5*t**2 + 3*t. Let g(v) be the first derivative of -v**2/2 + 16*v + 5. Let p be g(11). Calculate m(p).
5
Let c(h) = -2*h - 2*h - 14 + 15. Determine c(-6).
25
Suppose -3*p + 14 = u, -2*u - 2*u + 20 = 0. Let b(d) = 2*d**2 - 2 + 2 + 0 + 17*d**p - 1. Calculate b(-1).
-16
Let t(f) = -2*f**2 - 5*f + 1. Let r(h) = -h**2 - 6*h + 2. Let m(x) = -3*r(x) + 2*t(x). What is m(9)?
-13
Let r be -1 - 2 - (3 + 45/(-5)). Let i(q) = q**3 + q**2 + q + 1. Let p(d) = -d**3 - 5*d**2 - 3. Let g(y) = 2*i(y) + p(y). What is g(r)?
5
Let o(x) = 2*x - 1. Let w(n) = -n. Let k(v) = o(v) - 3*w(v). Suppose -4*q = -2 + 10. Determine k(q).
-11
Let u be -7*((-5 - -1) + 3). Suppose 2*v - u*v = -5. Let k(n) = 3*n**3 - n**2 - n + 1. Determine k(v).
2
Suppose -3*m = -8*m. Let d(g) = -6 + 3*g - 7*g + 7*g - 4*g. What is d(m)?
-6
Let d(k) = -k**2 - 2*k - 1. Let v(f) = -3*f**2 - 16*f - 5. Let a(w) = -4*d(w) + v(w). Determine a(6).
-13
Let s(d) = d**2 + 8*d + 7. Let u be -4 + (0/2)/(-3). Let m = u - -7. Suppose -6*y = -m*y - 5*w + 20, 4 = 4*w. Calculate s(y).
-8
Let z(a) be the first derivative of a**4/12 - a**3/6 - 2*a**2 + 47*a - 20. Let m(x) be the first derivative of z(x). Calculate m(4).
8
Let i be (-18)/4*((-24)/9 - -2). Let q(c) = 3*c + 3*c**2 + 2 - 3*c + i*c. Give q(-2).
8
Let p(a) = -10*a**2 + 17*a + 14. Let w(g) = 3*g**2 - 6*g - 3. Let u(r) = 2*p(r) + 7*w(r). Let o(j) = j**3 + 7*j**2 + 7. Let x be o(-7). Give u(x).
0
Suppo